{"id":92,"date":"2020-08-31T19:26:35","date_gmt":"2020-08-31T17:26:35","guid":{"rendered":"https:\/\/www.mudrsmelcova.cz\/homepage\/"},"modified":"2026-04-27T23:20:09","modified_gmt":"2026-04-27T21:20:09","slug":"homepage","status":"publish","type":"page","link":"https:\/\/www.mudrsmelcova.cz\/","title":{"rendered":"Homepage"},"content":{"rendered":"<p><!-- epsilon\/hero --><br \/>\n&nbsp;M U D r. &nbsp; &nbsp; P e t r a &nbsp; &nbsp; &nbsp; \u0160 m e l c o v \u00e1<br \/>\n<strong>V\u0161eobecn\u00fd\u00a0 praktick\u00fd\u00a0 l\u00e9ka\u0159\u00a0 DYMOKURY<\/strong><br \/>\n<img decoding=\"async\" src=\"https:\/\/www.mudrsmelcova.cz\/wp-content\/uploads\/2024\/05\/plocha_I.jpg\" \/><br \/>\n<!-- epsilon\/Services --><br \/>\nNadstandardn\u00ed p\u0159\u00edstup<br \/>\nNa\u0161im pacient\u016fm nab\u00edz\u00edme jin\u00fd p\u0159\u00edstup, ne\u017e je obvykl\u00fdm standardem.<br \/>\n<!-- \/epsilon\/Services--><br \/>\n<!-- epsilon\/Services --><br \/>\nBezbari\u00e9rov\u00fd p\u0159\u00edstup<br \/>\nM\u00e1te k n\u00e1m snadnou cestu. P\u0159\u00edmo z pozemn\u00ed komunikace do ordinace m\u00e1me bezbari\u00e9rov\u00fd p\u0159\u00edstup.<br \/>\n<!-- \/epsilon\/Services--><br \/>\n<!-- epsilon\/Services --><br \/>\nObjedn\u00e1n\u00ed sanitky<br \/>\nPokud m\u00e1te sn\u00ed\u017eenou pohyblivost, mal\u00e1tnost, infek\u010dnost dan\u00e9ho onemocn\u011bn\u00ed, zhor\u0161en\u00fd poopera\u010dn\u00ed stav. Vy nebo va\u0161i bl\u00edzc\u00ed. Pouze pro takov\u00e9 p\u0159\u00edpady je tu sanitka.<br \/>\n<!-- \/epsilon\/Services--><br \/>\n<!-- \/epsilon\/hero --><\/p>\n<p><!-- epsilon\/about --><\/p>\n<p align=\"CENTER\"><strong>Zm\u011bna ordina\u010dn\u00edch hodin\u00a0<\/strong><\/p>\n<p><strong>R\u00e1di bychom V\u00e1s informovali, \u017ee s \u00fa\u010dinnost\u00ed od 1.5.2026 se m\u011bn\u00ed ordina\u010dn\u00ed hodiny v Dymokurech a z\u00e1rove\u0148 je ukon\u010deno poskytov\u00e1n\u00ed zdravotn\u00edch slu\u017eeb v ordinaci v \u010cin\u011bvsi.<\/strong><\/p>\n<p>&nbsp;<br \/>\n<img decoding=\"async\" src=\"https:\/\/www.mudrsmelcova.cz\/wp-content\/uploads\/2026\/04\/hodiny-new.jpg\" \/><br \/>\n<!-- epsilon\/About --><br \/>\nPro\u010d se o\u010dkovat proti ch\u0159ipce<\/p>\n<p style=\"color: black;\">O\u010dkov\u00e1n\u00ed proti ch\u0159ipce nejen chr\u00e1n\u00ed p\u0159ed ch\u0159ipkov\u00fdm onemocn\u011bn\u00edm. Podle meta-anal\u00fdzy velk\u00fdch klinick\u00fdch studi\u00ed: <b>vakcinace dosp\u011bl\u00fdch v\u00fdznamn\u011b sni\u017euje riziko v\u00fdskytu kardiovaskul\u00e1rn\u00ed p\u0159\u00edhody o v\u00edce ne\u017e jednu t\u0159etinu<\/b>, co\u017e je \u00fa\u010dinek, kter\u00fd je zvl\u00e1\u0161t\u011b v\u00fdrazn\u00fd u pacient\u016f s kardiovaskul\u00e1rn\u00edm onemocn\u011bn\u00edm.<\/p>\n<p><!-- \/epsilon\/About--><br \/>\n<!-- epsilon\/About --><br \/>\nPro\u010d se o\u010dkovat proti koronaviru<\/p>\n<p style=\"color: black;\">O\u010dkov\u00e1n\u00ed proti koronaviru je bezplatn\u00e9. Ministerstvo zdravotnictv\u00ed doporu\u010duje aplikaci o\u010dkovac\u00ed l\u00e1tky spole\u010dn\u011b s tou proti ch\u0159ipce. V na\u0161\u00ed ordinaci m\u00e1me ji\u017e novou vakc\u00ednu XBB.1,5 ,\u00a0 kter\u00e1 c\u00edl\u00ed na nov\u00e9 mutace koronaviru.<\/p>\n<p><!-- \/epsilon\/About--><br \/>\n<!-- epsilon\/About --><br \/>\nPro\u010d je dobr\u00e9 na podzim pe\u010dovat o sv\u00e9 zdrav\u00ed<\/p>\n<p style=\"color: black;\">Podzim je obdob\u00ed, kter\u00e9 opravdu zkou\u0161\u00ed n\u00e1\u0161 imunitn\u00ed syst\u00e9m, a proto je nutn\u00e9 jej u\u017e preventivn\u011b posilovat. Mus\u00edme tedy: <b>db\u00e1t na tepl\u00e9 oble\u010den\u00ed, dostatek vitam\u00edn\u016f z pestr\u00e9 stravy, vy\u0161\u0161\u00ed p\u0159\u00edsun zeleniny a ovoce a pravideln\u00fd pohyb venku.<\/b>\u00a0<b>Vhodn\u00e9 je tak\u00e9 postupn\u00e9 otu\u017eov\u00e1n\u00ed t\u011bla.<\/b><\/p>\n<p><!-- \/epsilon\/About--><br \/>\n<!-- \/epsilon\/about --><\/p>\n<p><!-- epsilon\/specialties --><br \/>\nPraktick\u00e9 l\u00e9ka\u0159stv\u00ed<br \/>\nNa\u0161e p\u0159esv\u011bd\u010den\u00ed<br \/>\nPraktick\u00e9 l\u00e9ka\u0159stv\u00ed je obor l\u00e9ka\u0159sk\u00e9 p\u00e9\u010de zam\u011b\u0159en\u00fd na prim\u00e1rn\u00ed p\u00e9\u010di o dosp\u011bl\u00e9 pacienty a na z\u00e1le\u017eitosti rodinn\u00e9 medic\u00edny. Praktick\u00fd l\u00e9ka\u0159 l\u00e9\u010d\u00ed akutn\u00ed a chronick\u00e1 onemocn\u011bn\u00ed, poskytuje preventivn\u00ed p\u00e9\u010di a vzd\u011bl\u00e1v\u00e1 lidi v oblasti zdrav\u00ed.<\/p>\n<p><a href=\"#\">Zp\u011bt nahoru<i class=\"fa fa-angle-down\"><\/i><\/a><br \/>\n<!-- epsilon\/Specialties --><br \/>\n7 tip\u016f pro silnou imunitu<\/p>\n<ul>\n<li>Poslouchat sign\u00e1ly vlastn\u00edho t\u011bla, kvalitn\u011b sp\u00e1t a dlouhodob\u011b se nep\u0159et\u011b\u017eovat.<\/li>\n<li>Odpo\u010dinek nejen fyzick\u00fd, spokojenost.<\/li>\n<li>Hl\u00eddat si pestrou stravu, kvalitn\u00ed j\u00eddeln\u00ed\u010dek se v\u0161emi pot\u0159ebn\u00fdmi slo\u017ekami.<\/li>\n<li>Vyu\u017e\u00edvat vhodn\u00e9 dopl\u0148ky stravy, pokud je ve v\u00fd\u017eiv\u011b nebo zdravotn\u00edm stavu n\u011bjak\u00fd deficit.<\/li>\n<li>Sportovat, v\u011bnovat se s\u00e1m sob\u011b, sv\u00e9mu zdrav\u00ed aktivn\u011b.<\/li>\n<li>O p\u0159\u00edpadn\u00fdch pot\u00ed\u017e\u00edch se nebojte promluvit si s l\u00e9ka\u0159em nebo l\u00e9k\u00e1rn\u00edkem.<\/li>\n<li>Sna\u017eit se aktivn\u011b omezovat \u0161kodliv\u00e9 vlivy na svoje zdrav\u00ed.<\/li>\n<\/ul>\n<p><!-- \/epsilon\/Specialties--><br \/>\n<!-- epsilon\/Specialties --><br \/>\nSport a jeho vliv na t\u011blo<br \/>\nSport p\u016fsob\u00ed nejen na fyzick\u00e9 zdrav\u00ed, ale tak\u00e9 podporuje i dobr\u00fd psychick\u00fd stav \u010dlov\u011bka. Pohyb jako takov\u00fd m\u00e1 blahod\u00e1rn\u00e9 \u00fa\u010dinky na metabolismus, celkovou kondici i koncentraci. P\u0159i pohybu se zrychluje metabolismus \u010dlov\u011bka a t\u011blo spaluje tuky rychleji ne\u017e v klidu. P\u0159i cvi\u010den\u00ed se tak\u00e9 uvol\u0148uje hormon \u0161t\u011bst\u00ed endorfin.<br \/>\n<!-- \/epsilon\/Specialties--><br \/>\n<!-- epsilon\/Specialties --><br \/>\nCo d\u011bl\u00e1 srdci dob\u0159e<\/p>\n<ul>\n<li>p\u0159im\u011b\u0159en\u00fd pohyb, alespo\u0148 jednou denn\u011b se trochu zad\u00fdchat nap\u0159. ch\u016fz\u00ed do schod\u016f<\/li>\n<li>p\u0159irozen\u00e1 strava s v\u011bt\u0161\u00edm pod\u00edlem rostlin, odpov\u00eddaj\u00edc\u00ed fyzick\u00e9 n\u00e1maze<\/li>\n<li>vyh\u00fdbat se transmastn\u00fdm tuk\u016fm, konzerv\u00e1m, uzenin\u00e1m a jin\u00fdm pr\u016fmyslov\u011b zpracovan\u00fdm potravin\u00e1m<\/li>\n<li>dop\u0159\u00e1t si dostatek odpo\u010dinku a kvalitn\u00edho sp\u00e1nku<\/li>\n<li>nau\u010dit se techniku, jak zpracovat stres<\/li>\n<li>d\u011blat to, co n\u00e1m d\u011bl\u00e1 radost, ale nep\u0159eh\u00e1n\u011bt to s oslavami<\/li>\n<li>vyjad\u0159ovat l\u00e1sku a uzn\u00e1n\u00ed<\/li>\n<li>\u017e\u00edt v up\u0159\u00edmnosti<\/li>\n<\/ul>\n<p><!-- \/epsilon\/Specialties--><br \/>\n<!-- \/epsilon\/specialties --><\/p>\n<p><!-- epsilon\/openhours --><\/p>\n<p class=\"text-center\">Vz\u00e1jemn\u00fd respekt spojuje<\/p>\n<p class=\"text-center\">\n<font color=\"black\"><\/p>\n<p class=\"text-center\"><strong>Jsme r\u00e1di, \u017ee n\u00e1s nav\u0161t\u011bvujete\u00a0<\/strong><\/p>\n<p class=\"text-center\"><a class=\"btn btn-small\" href=\"#\">Zp\u011bt nahoru<\/a><\/p>\n<p>&nbsp; <\/font><br \/>\n<img decoding=\"async\" src=\"https:\/\/www.mudrsmelcova.cz\/wp-content\/uploads\/2020\/10\/prijimameVnew.jpg\" \/><br \/>\n<!-- \/epsilon\/openhours --><\/p>\n<p><!-- epsilon\/doctors --><br \/>\n<strong>To jsme my<\/strong><br \/>\n<strong>R\u00e1di V\u00e1m pom\u016f\u017eeme v ordinaci<\/strong><br \/>\n<!-- epsilon\/Doctors --><br \/>\nMUDr. Petra \u0160melcov\u00e1<br \/>\nDoktorka<br \/>\nVystudovala jsem Univerzitu Karlovu v Praze. St\u00e1le se v\u011bnuji celo\u017eivotn\u00edmu vzd\u011bl\u00e1v\u00e1n\u00ed v oboru l\u00e9ka\u0159stv\u00ed.<br \/>\n<img decoding=\"async\" src=\"https:\/\/www.mudrsmelcova.cz\/wp-content\/uploads\/2020\/10\/IMG_20190830_122238_NEW-500x700.jpg\" \/><br \/>\nhttps:\/\/facebook.com\/MUDr-Petra-\u0160melcov\u00e1-sro-107358801137522<br \/>\n<!-- \/epsilon\/Doctors--><br \/>\n<!-- epsilon\/Doctors --><br \/>\nZuzka Ka\u0148kov\u00e1<br \/>\nSestra<br \/>\n<span style=\"color: white;\">Vystudovala jsem v\u0161eobecnou zdravotn\u00ed sestru. V\u017edy s velk\u00fdm srdcem naslouch\u00e1m v\u0161em pacient\u016fm a ke v\u0161em p\u0159istupuji se stejn\u00fdm respektem.<\/span><br \/>\n<img decoding=\"async\" src=\"https:\/\/www.mudrsmelcova.cz\/wp-content\/uploads\/2020\/10\/IMG-20201009-WA0009-500x700.jpg\" \/><br \/>\n<!-- \/epsilon\/Doctors--><br \/>\n<!-- \/epsilon\/doctors --><\/p>\n<p><!-- epsilon\/testimonials --><\/p>\n<h1 class=\"western\"><span style=\"color: #1e1e1e;\">Pro\u010d nosit rou\u0161ku<\/span><\/h1>\n<p><!-- epsilon\/Testimonials --><br \/>\nZde najdete p\u00e1r u\u017eite\u010dn\u00fdch informac\u00ed<br \/>\nBu\u010fme k sob\u011b ohledupln\u00ed<br \/>\n<span style=\"color: #1e1e1e;\">Jednodu\u0161e \u0159e\u010deno, no\u0161en\u00ed rou\u0161ek je v\u017edy projevem ohleduplnosti a\u00a0respektu k\u00a0ostatn\u00edm lidem a\u00a0aktu\u00e1ln\u011b tak\u00e9 podm\u00ednkou pro vstup do prodejen, zdravotnick\u00fdch za\u0159\u00edzen\u00ed, l\u00e9k\u00e1ren a\u00a0\u00fa\u0159ad\u016f a\u00a0tak\u00e9 pro cestov\u00e1n\u00ed ve\u0159ejn\u00fdmi dopravn\u00edmi prost\u0159edky. <\/span><strong><span style=\"color: #1e1e1e;\">Budeme-li nosit rou\u0161ky v\u0161ichni, ochrana populace bude vysok\u00e1, i kdy\u017e nikoli dokonal\u00e1.\u00a0<\/span><\/strong><span style=\"color: #1e1e1e;\">Pro ve\u0159ejnost jsou vhodn\u00e9 rou\u0161ky dvoj\u00edho druhu. Jednor\u00e1zov\u00e9 \u00fastn\u00ed rou\u0161ky neboli chirurgick\u00e9 \u00fastenky lze pou\u017e\u00edt k jednor\u00e1zov\u00e9mu \u00fa\u010delu, nap\u0159\u00edklad pro cestu ve\u0159ejnou dopravou, na n\u00e1kup nebo pro vy\u0159\u00edzen\u00ed neodkladn\u00fdch \u00fa\u0159edn\u00edch z\u00e1le\u017eitost\u00ed. Je t\u0159eba po\u010d\u00edtat s t\u00edm, \u017ee \u00fa\u010dinnost t\u00e9to rou\u0161ky kles\u00e1 po zvlhnut\u00ed, p\u0159ibli\u017en\u011b za dv\u011b hodiny. Pou\u017eitou jednor\u00e1zovou rou\u0161ku je pak mo\u017en\u00e9 vyhodit do sm\u011bsn\u00e9ho odpadu, p\u0159\u00edpadn\u011b sp\u00e1lit. Po tomto \u00fakonu je nutn\u00e9 um\u00fdt si d\u016fkladn\u011b ruce.<\/span><\/p>\n<p><span style=\"color: #1e1e1e;\">Rychl\u00fdm alternativn\u00edm \u0159e\u0161en\u00edm jsou sv\u00e9pomoc\u00ed u\u0161it\u00e9 l\u00e1tkov\u00e9 rou\u0161ky, jejich\u017e nespornou v\u00fdhodou je mo\u017enost opakovan\u00e9ho pou\u017eit\u00ed. Vhodn\u00fdm materi\u00e1lem pro n\u011b je bavlna, proto\u017ee snese mnohon\u00e1sobn\u00e9 vyva\u0159ov\u00e1n\u00ed. Rou\u0161ku je pot\u0159eba nasadit tak, \u017ee jej\u00ed okraje p\u0159itiskneme na obli\u010dej a po dobu no\u0161en\u00ed se j\u00ed nedot\u00fdk\u00e1me. Sund\u00e1vaj\u00ed se za tkanice \u010di gumi\u010dky a op\u011bt je nutn\u00e9 si po tom d\u016fkladn\u011b um\u00fdt ruce. P\u0159ed dal\u0161\u00edm pou\u017eit\u00edm je pot\u0159eba l\u00e1tkovou rou\u0161ku vyva\u0159it v hrnci s pokli\u010dkou, sta\u010d\u00ed p\u011bt minut, a nechat ji tam a\u017e do vychladnut\u00ed.<\/span><\/p>\n<p><span style=\"color: #1e1e1e;\">Krom\u011b rou\u0161ek se \u010dasto hovo\u0159\u00ed tak\u00e9 o respir\u00e1torech. Ty poskytuj\u00ed dlouhodobou a spolehlivou ochranu. Pot\u0159ebuj\u00ed je v\u0161echny osoby vystaven\u00e9 vysok\u00e9mu riziku n\u00e1kazy p\u0159i zaji\u0161\u0165ov\u00e1n\u00ed nejen zdravotnick\u00fdch, ale i ve\u0161ker\u00fdch dal\u0161\u00edch nezbytn\u00fdch \u010dinnost\u00ed pro ve\u0159ejnost. Ve\u0159ejnost v\u0161ak te\u010f nejl\u00e9pe ochr\u00e1n\u00ed dodr\u017eov\u00e1n\u00ed aktu\u00e1ln\u00edch pokyn\u016f, maxim\u00e1ln\u00ed doba str\u00e1ven\u00e1 doma v\u00a0izolaci, d\u016fsledn\u00e1 hygiena a\u00a0dezinfekce v\u00a0dom\u00e1c\u00edm i\u00a0v\u00a0pracovn\u00edm prost\u0159ed\u00ed a\u00a0odpov\u011bdn\u00e9 chov\u00e1n\u00ed v\u016f\u010di v\u0161em lidem.<\/span><br \/>\n<img decoding=\"async\" src=\"https:\/\/www.mudrsmelcova.cz\/wp-content\/uploads\/2020\/09\/peta_IIm-260x300.jpg\" \/><br \/>\n<!-- \/epsilon\/Testimonials--><br \/>\n<!-- \/epsilon\/testimonials --><\/p>\n","protected":false},"excerpt":{"rendered":"<p>&nbsp;M U D r. &nbsp; &nbsp; P e t r a &nbsp; &nbsp; &nbsp; \u0160 m e l c o v \u00e1 V\u0161eobecn\u00fd\u00a0 praktick\u00fd\u00a0 l\u00e9ka\u0159\u00a0 DYMOKURY Nadstandardn\u00ed p\u0159\u00edstup Na\u0161im pacient\u016fm nab\u00edz\u00edme jin\u00fd p\u0159\u00edstup, ne\u017e je obvykl\u00fdm standardem. Bezbari\u00e9rov\u00fd p\u0159\u00edstup M\u00e1te k n\u00e1m snadnou cestu. P\u0159\u00edmo z pozemn\u00ed komunikace do ordinace m\u00e1me bezbari\u00e9rov\u00fd p\u0159\u00edstup. Objedn\u00e1n\u00ed sanitky [&hellip;]<\/p>\n","protected":false},"author":1,"featured_media":0,"parent":0,"menu_order":0,"comment_status":"closed","ping_status":"closed","template":"","meta":{"footnotes":""},"class_list":["post-92","page","type-page","status-publish","hentry"],"_links":{"self":[{"href":"https:\/\/www.mudrsmelcova.cz\/index.php?rest_route=\/wp\/v2\/pages\/92","targetHints":{"allow":["GET"]}}],"collection":[{"href":"https:\/\/www.mudrsmelcova.cz\/index.php?rest_route=\/wp\/v2\/pages"}],"about":[{"href":"https:\/\/www.mudrsmelcova.cz\/index.php?rest_route=\/wp\/v2\/types\/page"}],"author":[{"embeddable":true,"href":"https:\/\/www.mudrsmelcova.cz\/index.php?rest_route=\/wp\/v2\/users\/1"}],"replies":[{"embeddable":true,"href":"https:\/\/www.mudrsmelcova.cz\/index.php?rest_route=%2Fwp%2Fv2%2Fcomments&post=92"}],"version-history":[{"count":192,"href":"https:\/\/www.mudrsmelcova.cz\/index.php?rest_route=\/wp\/v2\/pages\/92\/revisions"}],"predecessor-version":[{"id":1303,"href":"https:\/\/www.mudrsmelcova.cz\/index.php?rest_route=\/wp\/v2\/pages\/92\/revisions\/1303"}],"wp:attachment":[{"href":"https:\/\/www.mudrsmelcova.cz\/index.php?rest_route=%2Fwp%2Fv2%2Fmedia&parent=92"}],"curies":[{"name":"wp","href":"https:\/\/api.w.org\/{rel}","templated":true}]}}